
-6
Let s(a) = 13 - 3 + 3 + a**2 - 11*a - 3 - 4. Give s(7).
-22
Let z(k) = -16*k - 6. Let j be z(0). Let w(n) = 2*n**2 + 8*n - 3. Calculate w(j).
21
Suppose 94 + 131 = 5*r. Let v = r - 43. Let f(n) be the third derivative of n**5/15 - n**4/24 - n**3/6 - 3*n**2. Calculate f(v).
13
Let c(n) = -2*n**2 + 11*n + 8. Suppose -4*y - 1 + 0 = 5*h, -y = -3*h - 21. Let z be c(y). Let a(x) = 2*x**2 + x - 2. Determine a(z).
8
Let a = 12 + -6. Let o(k) = -5*k**3 + 11*k**2 - 12*k - 9. Let r(w) = -3*w**3 + 7*w**2 - 6*w - 5. Let j(x) = 4*o(x) - 7*r(x). Calculate j(a).
-1
Suppose 25*g - 44 = 3*g. Let b(w) = -2*w - 2. Calculate b(g).
-6
Let k(j) = -3*j**2 + 2 - 2*j**2 - 2*j**3 - j**3 + 4*j**3 + 4*j. Give k(4).
2
Let a(x) = 13*x**2 - 3*x + 10. Let m(k) = -37*k**2 + 10*k - 30. Let d(p) = 17*a(p) + 6*m(p). What is d(8)?
-2
Suppose 0 = -2*i - 8, 3*i - 10 = 5*r + 8. Let w = r + 11. Suppose -c = 4*c - w. Let v(l) = -7*l**3 + l**2 - 1. What is v(c)?
-7
Let z(i) = 3*i - 40. Let g(s) = 6*s - 81. Let b(a) = 3*g(a) - 7*z(a). Calculate b(15).
-8
Let m = 4 + -2. Let q(t) = 24*t - 141. Let n(l) = -11*l + 65. Let x(o) = -13*n(o) - 6*q(o). What is x(m)?
-1
Let q(l) = 10*l + 12. Let o(g) = -5*g - 6. Let f(z) = 7*o(z) + 4*q(z). Let s be 74/(-14) + 8/196*7. Calculate f(s).
-19
Let o(m) = -14*m**2 + m - 7. Let j(k) = -26*k**2 + k - 14. Let u(s) = -6*j(s) + 11*o(s). Calculate u(-5).
32
Let g(t) = 1155 - 1161 - 4*t - 6*t. Give g(-4).
34
Let r(a) = 6*a - 1. Let z(q) = -q**3 + 7*q**2 + 4*q + 7. Let g be z(8). Let j = g + 26. Determine r(j).
5
Let q(r) = r**3 - 2*r**2 - 5*r. Let t be -1*1/1*-4. What is q(t)?
12
Let h(o) = 2*o + 3. Suppose -26 - 25 = 3*w. Let u(t) = -t**3 - 9*t**2 - t + 3. Let a be u(-9). Let q = a + w. Give h(q).
-7
Let o be (-15)/(-20) - 57/12. Let x(b) = b + 3. Calculate x(o).
-1
Let n(k) = 45 - 25 - k - 21. Calculate n(10).
-11
Suppose 5*m - 2*y = 17, m - 2 = -0*m - y. Suppose 3*x + 18 = 3*g, -6 = m*g + 6. Let l(h) = -h**3 - 9*h**2 + 11*h + 11. Calculate l(x).
1
Let m(o) = o**3 - 5*o**2 + 3. Suppose 0 = -3*l + 7*l + 3*b - 26, -3*b + 11 = l. Give m(l).
3
Suppose -4*q + 5*a + 176 = 168, 0 = 4*q + 4*a - 8. Let h(f) be the first derivative of f + 1/2*f**q + 15. Give h(7).
8
Let h(j) = -7*j + 1. Let k(m) = m**3 + 4*m**2 + 3*m + 1. Let p be k(-2). Let c be -1 - (12 - (p + 0)). Let d = c - -11. Calculate h(d).
-6
Let t be 1*(-35)/(-5) + -3. Let q(m) = -8*m + 22*m + t - 4. What is q(1)?
14
Let s(i) = -i**2 + 4*i + 3. Let v be s(4). Suppose c + 4*q = -v*c, -3*c = -5*q + 8. Let r(t) = 2*t - 1. What is r(c)?
-3
Let i(g) be the second derivative of 1/20*g**5 + 3/2*g**2 + 0 + 1/6*g**3 + 1/4*g**4 + 3*g. Let v be i(-3). Let f(r) = -r**3 - 5. Determine f(v).
-5
Let q(o) be the second derivative of o**6/120 + o**5/10 + o**4/6 + o**3/3 + 6*o**2 + o - 25. Let i(k) be the first derivative of q(k). What is i(-3)?
17
Let t = -9 + 27. Let q(f) = t - 13 + 2*f - f. What is q(-6)?
-1
Let f be (-8)/20*15/(-6). Let x = f + 1. Let a(y) = -2*y**x + 2*y - y**3 + 2*y**2 + y + y**2. Determine a(3).
-9
Let w(q) = q**3 + 5*q**2 + 3*q + 1. Let h be (10/15)/(1/(-12)). Let p be (h + 7)/(1/(-2)). Suppose -3*i = -m + p*i, 5*m + 27 = -2*i. Determine w(m).
-14
Let x(v) = -v**2 + 2*v + 1. Let h(u) = u**3 + 12*u**2 - 16*u - 20. Let z(o) = -h(o) - 7*x(o). Calculate z(-4).
-11
Let q(h) be the third derivative of -h**4/8 + 7*h**3/6 - 258*h**2. Give q(3).
-2
Let o = -6 - -8. Let r be 2*o + -2 + 4. Let i(y) be the first derivative of -y**3/3 + 3*y**2 + 3*y + 15. Give i(r).
3
Let z(b) = -b**2 + 8*b - 1. Suppose 32*s - 14*s = 108. Calculate z(s).
11
Suppose 4 = 2*z, 5*v + 5*z = 30 - 5. Suppose 0 = h - 0*h - v*p - 23, p + 29 = 3*h. Let o(f) = -7 + 12 + 5 + f**2 - 8*f. Calculate o(h).
10
Let d(c) be the second derivative of -c**4/3 + c**3/3 + c**2/2 + 68*c + 2. Give d(-1).
-5
Let k(i) = 31*i**3 - 4 + 0*i**2 - 32*i**3 + 2*i**2 + i + 4*i**2 + 13. Determine k(6).
15
Let y(z) = -z**3 + 9*z**2 + 3. Let k(d) = d**3 + 2*d**2 - 8*d - 6. Let l be k(-3). Give y(l).
3
Let k(d) be the second derivative of 0 + 1/2*d**3 - 5*d + 1/12*d**4 - 1/20*d**5 - d**2. Let v(c) = -c + 13. Let f be v(10). What is k(f)?
-11
Let n(s) = 3*s**3 + 3*s**2 + s - 2. Suppose 67*k = 78*k + 33. What is n(k)?
-59
Suppose -7*p + 4*i = -4*p + 20, -4*p + 4*i = 20. Let g(a) = -a**2 - 3*a + 10. Give g(p).
10
Let h(b) = b - 3. Let s(f) be the second derivative of -f**2/2 - 47*f. Let q(j) = -j**2 - 2*j + 5. Let r be q(-4). Let p(i) = r*s(i) + h(i). Calculate p(5).
5
Let d(q) = 2*q**3 + 2*q**2 - q. Let x be (2 - 4)*1 - -4. Determine d(x).
22
Let x(i) be the second derivative of i**3/6 + i**2 - 27*i. Let l = -6 + 6. Let j = 4 - l. Give x(j).
6
Let k be (-1 - 2)/((4 - 3) + -2). Let y(s) = 5*s**3 - 3*s**2 - k*s**3 + s + 4*s**2 + 6*s**3. Give y(-1).
-8
Let h(g) be the second derivative of -1/90*g**6 + 5/6*g**3 + 0 + 0*g**5 + 0*g**2 + 5*g + 0*g**4. Let w(z) be the second derivative of h(z). What is w(1)?
-4
Let c(j) = j**2 + 6*j + 4. Let p be (0 - 2) + (168/(-12) - -10). What is c(p)?
4
Suppose -k + 13 - 55 = 0. Let z = -45 - k. Let u(m) = m**3 + m + 0*m**3 + 4 + m**2 + 2*m**2. Give u(z).
1
Let n(w) = -w**3 + 7*w**2 + w - 1. Let h be (-3 - -2) + (-1)/2*-86. Suppose 5*r + 7 = h. Give n(r).
6
Suppose 4*b + 9 = -3. Suppose 3*d = -0*h + 5*h + 55, 141 = 5*d + 4*h. Let u(w) = -3 - 3 - d*w + 0 + 24*w. Give u(b).
-3
Let g(j) = 459*j**3 + j**2 + 3 - 4 - 454*j**3. Calculate g(-1).
-5
Let a(r) = -5*r - 1. Let d(m) = -9*m - 2. Let z(p) = 7*a(p) - 4*d(p). Let x(h) = -h. Let f(s) = -x(s) - 2*z(s). What is f(-3)?
1
Let w(i) = -i**3 + 5*i**2 - 3*i + 3. Let f be (-6)/(-9)*(135/18 - 3). What is w(f)?
12
Let b(d) = -3*d + 1. Suppose 4*z + 93 + 95 = 0. Let x = 48 + z. What is b(x)?
-2
Let w be (28/18)/((-14)/63). Let r(d) be the third derivative of d**6/720 + d**5/24 - d**4/24 - d**2. Let g(n) be the second derivative of r(n). Give g(w).
-2
Let b(q) = -3*q**2 + 3*q + 3. Let z(r) = -r**3 + 35*r**2 + 42*r - 218. Let t be z(36). Calculate b(t).
-15
Let h(q) = 4*q**2 - 34*q - 5. Let f(x) = 5*x**2 - 35*x - 6. Let g(v) = 6*f(v) - 7*h(v). What is g(-14)?
-1
Let m = 5 + 0. Suppose -m*n + 6 = -3*n. Let z(x) = -2*x**2 + 2*x + 118 + x**3 - x**2 - 120. What is z(n)?
4
Let j = -229 - -237. Let w(r) = -r + 4. Calculate w(j).
-4
Let v(o) = o**2 + 5*o + 1. Let z(c) = -c**2 + 7*c + 2. Let f(w) = -w**2 + 7*w - 4. Let x be f(3). Let j be z(x). What is v(j)?
7
Let t(i) = -35*i**2 - 4*i - 3. Let g be t(-1). Let p = 32 + g. Let c(s) = -4*s**2 + 1 - 3*s - 3 + 1. Determine c(p).
-11
Suppose -12*i + 11*i + 1 = 0. Let f(t) = -5*t**2 + 11*t**2 - 10*t + t**3 - i + 3. Give f(-7).
23
Suppose -3*b = b - 16. Let g(q) = 3 + 7975*q - 2 - 7974*q - 10. What is g(b)?
-5
Suppose -3*j + 2 + 4 = 4*p, 0 = -2*p. Suppose j*b - 3 = b. Suppose 13 = -3*o - 2*i, 0*i - i - 11 = b*o. Let k(n) = n + 3. Calculate k(o).
0
Let c(v) = 11*v. Let f(y) = y + 7. Let r be f(-3). Suppose 3*i - 3*j = i + 7, -j = -r*i + 9. Suppose 1 = q - 3*o, 0 = i*q + 2*o - 4*o - 2. Calculate c(q).
11
Let h = -12 + 15. Let a be (h/6)/(2/12). Let g = 6 - a. Let k(s) = s**3 - 2*s**2 - 2*s. Give k(g).
3
Let i(h) = h**2 + h - 5. Let y(d) = -13*d - 28. Let r(j) = -i(j) - y(j). Give r(14).
5
Let a(q) be the second derivative of q**3/2 - q**2 + 64*q. Give a(5).
13
Let l be 7*1/((-21)/6). Let y(o) be the first derivative of 2 + 0*o**3 + o - 1/4*o**4 + o**2. Determine y(l).
5
Let z = 43 + -43. Suppose z = 3*j + 5*j - 48. Let g(u) be the first derivative of u**3/3 - 2*u**2 - 4*u - 1. Calculate g(j).
8
Let c be 2/(-4 + 75/18). Suppose 0 = u - 2*x + c, 38 = -4*u + 4*x - 6*x. Let v be (-34)/u + 14/(-35). Let f(t) = -t - 1. Calculate f(v).
-4
Let p(y) = y**3 + 3*y**2 - 2*y - 1. Let v be ((-66)/(-22))/(3/(-4)). Determine p(v).
-9
Let t(j) = -j**3 - j**2 + 3*j - 1. Let u(a) = 21*a**3 - 4*a**2 + 12*a - 4. Let l(w) = 3*t(w) - u(w). Calculate l(1).
-25
Let b(z) = z**3 - z - 3. Let u(p) = -10*p + 72. Let a be u(7). Suppose -9*y - q + 5 = -13*y, 2*q - 10 = -a*y. Give b(y).
-3
Let u(o) = o**2 - 5. Let n = -535 - -531. What is u(n)?
11
Let y(v) = -v**2 - 2. Let n be 6/33 - (-14)/(-77) - -3. Give y(n).
-11
Let m(h) = -3 + 0 - 7*h - 3 + 6. What is m(1)?
-7
Let b(w) = 7*w + 1. Let q(z) = 1 - 74*z**2 + 35*z**2 - 30*z + 37*z**2. Let u be q(-15). Calculate b(u).
8
Let w(n) be the second de